?
False
Let f = 3 - 1. Suppose -2 = -k + 3. Let m = k - f. Is 3 a factor of m?
True
Let s be 1/(-4) + (-9)/(-4). Let a be -53 + s + -6 + 2. Let h = -36 - a. Is 9 a factor of h?
False
Is 8 a factor of 108 - 4/((-12)/9)?
False
Let z(w) = 10*w**2 + 2*w. Does 18 divide z(-2)?
True
Is 5 a factor of (1/(-2))/((-3)/60)?
True
Let l = 12 - 2. Let s = l - -1. Does 6 divide s?
False
Let c be (-20)/(-6)*144/20. Suppose -186 - c = 5*n. Is 3 a factor of (-9)/(-12) + n/(-8)?
True
Let y = -3 - -55. Let c = y + -13. Suppose 57 = 4*z - c. Is z a multiple of 12?
True
Let l = -12 + 65. Is 16 a factor of l?
False
Suppose 18*b - 291 = 15*b. Is 32 a factor of b?
False
Let d(i) = 20*i**2. Is d(1) a multiple of 16?
False
Let u(x) = -3*x - 1. Let z be u(-1). Let k = z - 3. Is (-19)/k - (4 + -3) a multiple of 10?
False
Suppose -4*i = 5*n + 56 + 32, -n = i + 17. Let m = n - -33. Does 13 divide m?
True
Let b(v) = 8*v**2 - v. Let k be (12/(-18))/(4/(-18)). Does 23 divide b(k)?
True
Let l be ((-3)/((-3)/(-8)))/(-2). Let g(b) = 0*b**2 - l*b - 2 + b**2 + 4. Does 3 divide g(5)?
False
Suppose -3*v - 66 = -5*v - 3*f, f + 58 = 2*v. Is v a multiple of 5?
True
Let y be -1 - (-3 + 3 - 3). Let n(v) = v**3. Let d be n(y). Let s(z) = -z**3 + 8*z**2 + 6*z - 1. Is s(d) a multiple of 16?
False
Suppose 600 = 4*y + y. Suppose -c - y = -6*c. Is 18 a factor of c?
False
Suppose 2*s + 25 + 5 = 0. Let l = -11 - s. Does 4 divide l?
True
Let h(x) = -2*x - 10. Let i be h(-5). Suppose 2*v + v - 144 = -3*b, i = -b + 4. Is 11 a factor of v?
True
Let i(y) = -4*y + 4. Let f be i(3). Let b = 39 + f. Is b a multiple of 15?
False
Let w(m) = -27*m**3 + m**2 + 2*m + 1. Is w(-1) a multiple of 9?
True
Suppose -2*c + 3 = -1. Is 14 a factor of c + (24 - -2*1)?
True
Let a = -2 + 4. Suppose -a*n + 4*n = 0. Suppose n = 2*z - 0 - 6. Does 2 divide z?
False
Let b = -180 + 108. Let x = b - -126. Is 11 a factor of x?
False
Let i(y) = -3*y - 4. Let m be 1*3/(9/15). Let q = m - 8. Is i(q) a multiple of 4?
False
Suppose -351 - 24 = -5*i. Is i a multiple of 22?
False
Is (-2)/(-2) + (-84)/(-21) a multiple of 5?
True
Suppose -k + 0*k = 0. Suppose -3*c + 12 + k = 0. Is c a multiple of 2?
True
Suppose -27 + 177 = 2*t. Does 15 divide t?
True
Let s be (18/9)/((-4)/(-10)). Let x = 6 - -2. Suppose -x*r + 20 = -3*r + s*t, -2*t = -3*r + 12. Is r a multiple of 4?
True
Let m(s) = s**3 - 7*s**2 + 7*s. Let c(a) = -a. Let q be c(-6). Is 3 a factor of m(q)?
True
Let x = -19 + 16. Is 11 a factor of x/4 - (-537)/12?
True
Let s(b) = -2*b**3 - 9*b**2 - b - 6. Let k(j) = -5*j**3 - 18*j**2 - 3*j - 11. Let d(u) = -3*k(u) + 7*s(u). Is d(9) a multiple of 9?
True
Let u = 95 + 115. Suppose 2*y = -3*y + u. Is 21 a factor of y?
True
Suppose 0 = 3*o + 2*l + l - 12, 0 = 5*l - 20. Let x(a) = -4 + o - 5 + 3*a. Does 9 divide x(6)?
True
Let f(q) = -q**3 + 3*q**2 + 8. Is f(-3) a multiple of 10?
False
Let y(t) = -t**3 - t**2 + t + 5. Does 2 divide y(0)?
False
Let n = -110 - -187. Is 4 a factor of n?
False
Does 10 divide 1096/22 - 3/(66/(-4))?
True
Let d be 2/(-9) + (-29)/(-9). Suppose -2*i - 2*i + d*n + 20 = 0, n = i - 5. Does 2 divide i?
False
Let w(r) = -r**3 - 6*r**2 + 3. Let z be w(-6). Suppose -4*t + 173 = t - 2*j, -2*j - 107 = -z*t. Is 11 a factor of t?
True
Let p = 24 + -12. Does 3 divide p?
True
Let s(y) = 55*y**3 - 11. Let u(g) = 27*g**3 - 5. Let w(f) = -4*s(f) + 9*u(f). Let b = 5 - 4. Does 12 divide w(b)?
False
Let r(y) = -y**2 + y + 1. Let g(s) = -s**2 + 13*s + 5. Let w(u) = g(u) - 3*r(u). Is w(-7) a multiple of 15?
True
Let r = 16 - 13. Suppose -5*z = r*z - 544. Is z a multiple of 13?
False
Let v(n) = n + 3. Let z be v(-5). Is 4 a factor of z/2 - -15 - -1?
False
Let z(g) = -g**2 + 3. Let k be z(0). Let a be 4/(-6) + 330/9. Suppose 0 = 6*n - k*n - a. Is 6 a factor of n?
True
Let h(p) = p**2 - 9*p + 13. Let s be h(8). Suppose -s*z - 2*f - 3*f = -290, z - 43 = 2*f. Does 12 divide z?
False
Let b(t) = -9*t - 6. Does 7 divide b(-4)?
False
Let w = 118 - 71. Does 8 divide w?
False
Let n be 2/(-4) + 44/8. Suppose 1 = 5*a - 4, -3 = 2*q - n*a. Is 0 - q/(-1) - -1 even?
True
Let r(f) = 2*f**2 + 2*f + 43. Does 17 divide r(-10)?
False
Let h = -29 + 92. Is h a multiple of 21?
True
Suppose a + 253 = 5*d - 3*a, 3*a + 97 = 2*d. Let c = d + -31. Does 8 divide c?
False
Let q be (-18)/2*1/(-1). Is 27 a factor of 528/20 - q/(-15)?
True
Suppose -205 = -5*g + 295. Does 18 divide g?
False
Suppose -6*n - 9 = -7*n. Is n a multiple of 2?
False
Suppose 2*z - 4*z = 56. Let u = z + 45. Is 17 a factor of u?
True
Let d = -80 - -153. Does 18 divide d?
False
Let t be 1*(2 + -5) + 3. Suppose -5*l - 3*y + 253 = t, 55 = l + 5*y - 0*y. Is 25 a factor of l?
True
Let n(g) = -g**3 - g**2 - 4. Let m be n(3). Is m/(-2) - (-1 + 1) a multiple of 10?
True
Let t be (-12)/21 + (-25)/(-7). Suppose -h - l = -66, -t*h + 4*l = -6*h + 203. Is 20 a factor of h?
False
Suppose -q = q - 6. Suppose -2*u = -y - 9, 4*u + 6 = -q*y - 1. Let v = u + 6. Is v a multiple of 4?
True
Let i = 8 + 10. Does 9 divide i?
True
Let s be 3 + 1 + -1 + 6. Is 10 a factor of (3 + s)*(0 + 1)?
False
Let j(y) = y**3 - y**2 - 2*y + 2. Let k be j(2). Let l(z) = -5*z - 2. Let v be l(k). Is 28/3 + (-8)/v a multiple of 5?
True
Let s be 2 + (2/1)/(-1). Suppose 3*a = s, -3*d = a - 5*a - 54. Is 7 a factor of d?
False
Suppose 98 = 2*y - 2*m, y + 3*m - 47 = 6*m. Is 25 a factor of y?
True
Suppose -2*f + f = -2. Does 17 divide 15 - ((1 - f) + -1)?
True
Let h = 6 + -1. Suppose 0 = -5*m + h, -p - 4*p + 69 = -m. Suppose -2*x - p = -4*i, 0*x - 3*i = x - 18. Does 3 divide x?
True
Suppose 75 = 3*h - 51. Is 11 a factor of h + 0 + 3 + -1?
True
Suppose 5*m = -7 + 2, -2*c + 2*m + 176 = 0. Is 29 a factor of c?
True
Let j be 38/10 - (-2)/10. Suppose -j*m - 38 = -6*m. Is 12 a factor of m?
False
Suppose -4*y - 4*r = 8, 4*y - 3*r + 25 + 11 = 0. Let q = -6 - y. Suppose q = -0*h + 3*h - 18. Does 3 divide h?
True
Suppose -78 + 638 = 4*a. Suppose 0*r = -5*r + a. Is 14 a factor of r?
True
Let m be 92/(-4) + -3*1. Let u be (-53)/(-1) - (1 - 0). Let l = u + m. Is 13 a factor of l?
True
Suppose 0 = -3*u + 18 + 36. Does 4 divide u?
False
Let o(m) = -m**3 - 2*m**2 - 2*m + 1. Let t be o(-2). Is 13 a factor of -1*11*(3 - t)?
False
Let l(h) = -h**3 - 4*h**2 + 3*h - 4. Let m be l(-5). Suppose 0 = -m*r + 2*r + 104. Is r a multiple of 26?
True
Suppose -p = -2*o - 27, p - 105 = -2*p - 2*o. Let l = p + -17. Is 9 a factor of l?
False
Let m = -75 - -142. Is m a multiple of 21?
False
Let u = -64 - -96. Does 16 divide u?
True
Let u(i) be the third derivative of i**6/60 - i**5/20 + i**4/12 + i**3/3 + 2*i**2. Let s be u(2). Suppose m - s - 44 = 0. Is m a multiple of 21?
False
Let k(w) = -130*w**3 + 4*w**2 + 2*w. Does 6 divide k(-1)?
True
Suppose -22 = -4*i - 4*f + 146, 5*i + f - 198 = 0. Is i a multiple of 13?
True
Let s(j) = j**2 - 10*j + 2. Let u be s(10). Suppose u*d - 21 = -d. Is d a multiple of 3?
False
Let o be -3 - 1 - 4/4. Let r = o - -45. Is r a multiple of 16?
False
Suppose -1 = t - 22. Suppose t = -4*k + 7*k. Is k a multiple of 3?
False
Suppose -192 = -5*j - 0*j - c, 2*j = 4*c + 90. Is 8 a factor of j?
False
Let p = -12 + 29. Is 5 a factor of p?
False
Let n(z) be the first derivative of -z**4/2 - 4*z**3/3 - z**2/2 - 2*z - 1. Let v(x) = -x**2 - 4*x - 3. Let h be v(-4). Is n(h) a multiple of 11?
False
Suppose -l - 4*l - 395 = 0. Let j = -18 - l. Suppose 0 = 2*b + 2*x - 54, 0*b + 3*b - 2*x - j = 0. Is b a multiple of 23?
True
Let k = -202 + 468. Is 21 a factor of k?
False
Let x(r) be the second derivative of 5*r**3/6 - r**2/2 - 2*r. Suppose 3*p - 5*z = 2, p + 14 = 5*p - z. Is x(p) a multiple of 12?
False
Let k = -18 + 10. Let r = k - -11. Suppose -4*t = r*o - 60, 28 = 3*t - o - o. Is 10 a factor of t?
False
Is 6 a factor of 42 + 2/(10/(-15))?
False
Let y = 0 + 0. Suppose 4*a - 2 - 6 = y. Suppose 5*r = -5*s + 80, a*r - 5*r - 54 = -3*s. Does 14 divide s?
False
Suppose 86 = 4*m - 26. Suppose 2*q - 4 = m. Does 4 divide q?
True
Let v be -1 - 0 - -3 - -31. Suppose -7*n - 3*r + v = -4*n, 3*n + 4*r = 36. Does 4 divide n?
True
Suppose -4*n = 12 + 12. Let q be n/(-2 - (-48)/21). Let g = q - -37. Does 8 divide g?
True
Let o(k) = -5*k + 1. Let v be o(1). Let j(d) = -2*d - 4. Let c be j(v). Suppose 36 = c*x - 5*u + 3, -4*x = u - 27. Is x a multiple of 5?
False
Let t(m) = 2*m**3 - 4